e prime factors of 312.
2, 3, 13
What are the prime factors of 3829?
7, 547
What are the prime factors of 13545?
3, 5, 7, 43
What are the prime factors of 3076?
2, 769
List the prime factors of 720.
2, 3, 5
List the prime factors of 20879.
20879
What are the prime factors of 26878?
2, 89, 151
What are the prime factors of 2807?
7, 401
List the prime factors of 26614.
2, 7, 1901
List the prime factors of 1123.
1123
What are the prime factors of 206?
2, 103
What are the prime factors of 1981?
7, 283
What are the prime factors of 32719?
32719
What are the prime factors of 3961?
17, 233
What are the prime factors of 99535?
5, 17, 1171
List the prime factors of 25256.
2, 7, 11, 41
List the prime factors of 79453.
11, 31, 233
What are the prime factors of 809?
809
List the prime factors of 8443.
8443
List the prime factors of 87864.
2, 3, 7, 523
What are the prime factors of 1984?
2, 31
What are the prime factors of 5459?
53, 103
List the prime factors of 1625.
5, 13
What are the prime factors of 26334?
2, 3, 7, 11, 19
List the prime factors of 826.
2, 7, 59
List the prime factors of 46372.
2, 11593
What are the prime factors of 20879?
20879
What are the prime factors of 1188?
2, 3, 11
List the prime factors of 2088.
2, 3, 29
List the prime factors of 16449.
3, 5483
What are the prime factors of 103352?
2, 12919
List the prime factors of 24938.
2, 37, 337
What are the prime factors of 14200?
2, 5, 71
List the prime factors of 422.
2, 211
List the prime factors of 4870.
2, 5, 487
What are the prime factors of 90915?
3, 5, 11, 19, 29
What are the prime factors of 1768?
2, 13, 17
What are the prime factors of 146788?
2, 36697
List the prime factors of 7954.
2, 41, 97
List the prime factors of 745.
5, 149
What are the prime factors of 180832?
2, 5651
List the prime factors of 9852.
2, 3, 821
What are the prime factors of 55229?
55229
What are the prime factors of 10907?
13, 839
List the prime factors of 6623.
37, 179
List the prime factors of 456.
2, 3, 19
List the prime factors of 6672.
2, 3, 139
List the prime factors of 2232.
2, 3, 31
List the prime factors of 4638.
2, 3, 773
What are the prime factors of 2832?
2, 3, 59
List the prime factors of 1439.
1439
What are the prime factors of 644?
2, 7, 23
What are the prime factors of 23452?
2, 11, 13, 41
What are the prime factors of 488?
2, 61
List the prime factors of 2436.
2, 3, 7, 29
What are the prime factors of 15617?
7, 23, 97
What are the prime factors of 61984?
2, 13, 149
List the prime factors of 775.
5, 31
List the prime factors of 23345.
5, 7, 23, 29
What are the prime factors of 1034?
2, 11, 47
List the prime factors of 15096.
2, 3, 17, 37
What are the prime factors of 6924?
2, 3, 577
List the prime factors of 18737.
41, 457
List the prime factors of 110783.
139, 797
List the prime factors of 322.
2, 7, 23
What are the prime factors of 1774?
2, 887
List the prime factors of 6969.
3, 23, 101
List the prime factors of 3340.
2, 5, 167
What are the prime factors of 103043?
103043
List the prime factors of 3450.
2, 3, 5, 23
What are the prime factors of 6396?
2, 3, 13, 41
List the prime factors of 22782.
2, 3, 3797
What are the prime factors of 1767?
3, 19, 31
List the prime factors of 11290.
2, 5, 1129
What are the prime factors of 15294?
2, 3, 2549
List the prime factors of 80628.
2, 3, 6719
What are the prime factors of 5675?
5, 227
What are the prime factors of 9322?
2, 59, 79
List the prime factors of 43135.
5, 8627
List the prime factors of 49718.
2, 24859
List the prime factors of 58628.
2, 14657
What are the prime factors of 7706?
2, 3853
List the prime factors of 34730.
2, 5, 23, 151
List the prime factors of 1058.
2, 23
What are the prime factors of 1340?
2, 5, 67
List the prime factors of 11686.
2, 5843
What are the prime factors of 7656?
2, 3, 11, 29
List the prime factors of 1049.
1049
List the prime factors of 3375.
3, 5
What are the prime factors of 606?
2, 3, 101
List the prime factors of 2102.
2, 1051
List the prime factors of 6352.
2, 397
List the prime factors of 5643.
3, 11, 19
What are the prime factors of 2810?
2, 5, 281
List the prime factors of 1294.
2, 647
List the prime factors of 7606.
2, 3803
List the prime factors of 74.
2, 37
List the prime factors of 16209.
3, 1801
What are the prime factors of 34266?
2, 3, 5711
List the prime factors of 321.
3, 107
List the prime factors of 126.
2, 3, 7
List the prime factors of 989.
23, 43
What are the prime factors of 7913?
41, 193
What are the prime factors of 18544?
2, 19, 61
List the prime factors of 9740.
2, 5, 487
List the prime factors of 3289.
11, 13, 23
List the prime factors of 40990.
2, 5, 4099
List the prime factors of 3561.
3, 1187
What are the prime factors of 3131?
31, 101
What are the prime factors of 23077?
47, 491
What are the prime factors of 1367?
1367
List the prime factors of 9636.
2, 3, 11, 73
What are the prime factors of 34461?
3, 7, 547
List the prime factors of 17968.
2, 1123
List the prime factors of 347.
347
List the prime factors of 10485.
3, 5, 233
List the prime factors of 1652.
2, 7, 59
List the prime factors of 10126.
2, 61, 83
List the prime factors of 23685.
3, 5, 1579
List the prime factors of 24202.
2, 12101
What are the prime factors of 520?
2, 5, 13
What are the prime factors of 856?
2, 107
List the prime factors of 2434.
2, 1217
List the prime factors of 5274.
2, 3, 293
What are the prime factors of 4110?
2, 3, 5, 137
List the prime factors of 40374.
2, 3, 2243
What are the prime factors of 54379?
13, 47, 89
What are the prime factors of 21136?
2, 1321
What are the prime factors of 1909?
23, 83
What are the prime factors of 9739?
9739
List the prime factors of 34196.
2, 83, 103
What are the prime factors of 694?
2, 347
What are the prime factors of 14156?
2, 3539
What are the prime factors of 892?
2, 223
List the prime factors of 9478.
2, 7, 677
List the prime factors of 21373.
11, 29, 67
What are the prime factors of 158?
2, 79
List the prime factors of 2725.
5, 109
What are the prime factors of 15073?
15073
List the prime factors of 1571.
1571
What are the prime factors of 10192?
2, 7, 13
What are the prime factors of 622?
2, 311
List the prime factors of 4594.
2, 2297
List the prime factors of 39763.
17, 2339
What are the prime factors of 52662?
2, 3, 67, 131
What are the prime factors of 21214?
2, 10607
List the prime factors of 4943.
4943
What are the prime factors of 9551?
9551
What are the prime factors of 1646?
2, 823
List the prime factors of 1099.
7, 157
What are the prime factors of 741?
3, 13, 19
List the prime factors of 911.
911
List the prime factors of 1493.
1493
What are the prime factors of 339?
3, 113
List the prime factors of 521.
521
List the prime factors of 60586.
2, 30293
List the prime factors of 65974.
2, 32987
What are the prime factors of 20571?
3, 6857
What are the prime factors of 59370?
2, 3, 5, 1979
What are the prime factors of 20803?
71, 293
List the prime factors of 591.
3, 197
What are the prime factors of 58?
2, 29
List the prime factors of 605.
5, 11
What are the prime factors of 7184?
2, 449
What are the prime factors of 120362?
2, 11, 5471
What are the prime factors of 8493?
3, 19, 149
List the prime factors of 16366.
2, 7, 167
List the prime factors of 118882.
2, 59441
What are the prime factors of 1234?
2, 617
What are the prime factors of 841?
29
What are the prime factors of 7296?
2, 3, 19
What are the prime factors of 3065?
5, 613
List the prime factors of 46593.
3, 31, 167
List the prime factors of 14242.
2, 7121
List the prime factors of 1110.
2, 3, 5, 37
List the prime factors of 55174.
2, 7, 563
What are the prime factors of 365?
5, 73
What are the prime factors of 56618?
2, 28309
What are the prime factors of 12918?
2, 3, 2153
List the prime factors of 688.
2, 43
List the prime factors of 768.
2, 3
List the prime factors of 17034.
2, 3, 17, 167
List the prime factors of 538.
2, 269
List the prime factors of 54612.
2, 3, 37, 41
List the prime factors of 939.
3, 313
List the prime factors of 86186.
2, 43093
List the prime factors of 15359.
15359
List the prime factors of 58094.
2, 31, 937
What are the prime factors of 8454?
2, 3, 1409
What are the prime factors of 10466?
2, 5233
List the prime factors of 8215.
5, 31, 53
List the prime fact